6 - 21. Suppose 2*a - 26045 = 8*d - 13*d, -m*a = 0. Is d prime?
True
Suppose -11*b - 494282 = -3*b - 10*b. Is b prime?
True
Let k(u) = 2*u**2 - 47*u + 24. Let i be k(23). Is (-6089 - (i + -4))/(2 + -4) prime?
False
Let o = 263 - 260. Suppose -7083 = -4*g - 5*r, -4*g - 5346 = -7*g + o*r. Is g a prime number?
True
Let h(p) = -2*p**3 + 19*p**2 - 15*p - 1. Let s(l) = 3*l**3 - 20*l**2 + 15*l + 1. Let t = -42 - -38. Let r(f) = t*s(f) - 5*h(f). Is r(-12) a composite number?
False
Suppose 5*j = 6*j - 2. Let v be 2 + (1 - (-941 + j)). Let c = v + -647. Is c composite?
True
Is ((-26256)/(-80))/((-36)/(-49620)) a composite number?
True
Suppose 4*l = 2*f + 8*l + 203752, 4*f - 5*l = -407491. Is 8/(-52) + (-3 - f/39) a prime number?
True
Let o(v) = -2755*v + 476. Is o(-33) a prime number?
False
Suppose -2685*y = -2656*y + 406. Let f = 97 + -46. Is y*97/(-12) + f/(-306) composite?
False
Suppose 3*d + 1231 = 2*d. Let z = -2706 - -4560. Let j = d + z. Is j a composite number?
True
Let z(v) = 6*v**3 + 7*v**2 + 8*v. Let n be z(-4). Let g = -1263 + 256. Let t = n - g. Is t a prime number?
False
Let x(r) = -r**3 - 13*r**2 - 39*r + 10. Let y be x(-8). Suppose -2*j + 8833 = h + y*h, 4*h = 2*j - 8798. Is j composite?
False
Suppose s - 5*c = 306482, 1838918 = 6*s - 10*c + 6*c. Is s composite?
True
Suppose -5*d + 2 + 3 = 0. Let g(k) = 5*k - 1. Let r be g(d). Is 1 + (-7)/r - 86396/(-16) composite?
False
Suppose -5*z = -4*d + 8580, 4*d + 4*z = 4337 + 4243. Let p = d + 1804. Is p a composite number?
True
Suppose 10*v = -5*b + 5*v + 25, 38 = 4*b - 5*v. Is b - (-330 + 10 + -4) a prime number?
True
Suppose 151*v = 22*v + 64962207. Is v prime?
False
Let y(g) = -7*g + 22. Let o be (-1*(1 - 2))/(3/15). Suppose s + 0 + o = 0. Is y(s) prime?
False
Let n = -186052 - -339185. Is n a composite number?
False
Suppose -10*m + 2347 = 397. Is (-6)/39 - (-1353525)/m a prime number?
False
Let t(n) = n**2 + n - 25. Let h be t(5). Suppose 25990 = h*m - 10*v + 13*v, 26025 = 5*m - 4*v. Is m a prime number?
False
Suppose 9*b - 25440 = 3*b. Let i = b - -7129. Is i a prime number?
True
Let c be ((-3)/(-3))/(1/3). Let a(d) = -2*d**3 + 8*d**2 + 7*d - 14. Let t be a(-11). Suppose -4059 = -c*x + 3*g, -5*x + g = -t - 3242. Is x composite?
True
Let w(i) = -236*i + 6551. Is w(-55) composite?
False
Is (3 + -68636 + (-4 - 1))*(-7)/14 a composite number?
False
Let a(k) = -k**3 - 13*k**2 - 25*k - 29. Let h be a(-11). Suppose 4*p + 3*u - 28481 = 0, -h*p + 5*u + 0*u = -28489. Is p a composite number?
False
Suppose -4*y = y + 20, 4*y = 2*n - 32. Suppose -4*j - n*c + 6*c + 2320 = 0, 4*c - 8 = 0. Is j composite?
True
Is 4/(8/(-816118))*(2 - 3) a composite number?
True
Let b(z) = 10381*z - 845. Is b(6) prime?
True
Let v be 10*(2 + 7355/10). Let n = v + -3948. Is n a composite number?
True
Let i = -23 + -35. Is ((-87)/i)/(2/21908) composite?
True
Suppose 2*f - 4*r = 2716, f + f - 2701 = -r. Let m be (-885)/(-13 + 18 - 4). Let l = m + f. Is l prime?
True
Let t = -5889 + 12164. Suppose 2*f - 2*d - 12530 = 0, -d - 3*d + t = f. Is f prime?
False
Let w(y) = y**3 + 4*y**2 - 7*y - 1. Let u(p) = p**3 + 13*p**2 + 13*p + 10. Let h be u(-12). Let a be -2 - (-9 + h) - 3. Is w(a) a composite number?
False
Let y(q) = -q**2 + 10*q - 21. Let n be y(7). Suppose 3*g = -6, n = -18*b + 23*b - 2*g - 12299. Is b a prime number?
True
Is (-33)/((-66)/(-5))*19286/(-5) a composite number?
False
Let x(t) = 7*t**2 - 22*t - 40. Let o(b) = -11*b + 162. Let a be o(13). Is x(a) composite?
False
Let f(s) = 473*s**3 - 11*s**2 + 12*s - 37. Is f(9) composite?
False
Let f = 144 + -141. Suppose 6358 = 4*p - 2*n, 2*p = n - f*n + 3176. Is p prime?
False
Suppose -679961 - 425985 - 192239 = -203*g. Is g a composite number?
True
Suppose 0 = 8*z + 111 - 1175. Suppose -2*k = -z - 1605. Is k a composite number?
True
Let n = 22566 + 19595. Suppose 0 = 14*a - n - 32837. Is a a composite number?
True
Suppose -33*t + 5783383 + 4851147 = 3662191. Is t a prime number?
True
Suppose 3*j = 18, -5*w = -48*j + 49*j - 469861. Is w composite?
False
Let a = 656091 - 143846. Is a/371 - (-4)/14 a prime number?
True
Let o(i) be the first derivative of -2195*i**4/4 - 18. Is o(-1) a composite number?
True
Let v(u) = 53*u + 3. Let x be v(-1). Let m = 43 + x. Is 3 - 105/(((-21)/(-10))/m) a composite number?
False
Let q = -34 + 36. Let r be q + -1 + 5 + -16*3. Is (-1240)/(-7) - (-6)/r a composite number?
True
Let l(z) = -71*z + 157. Let x be l(19). Let j = x + 2847. Is j composite?
True
Is 638 - 636 - -5*(-17589 - -2)/(-1) prime?
False
Let g(p) = -p**3 + 29*p**2 + 39*p - 5. Let r be g(24). Let y = -2078 + r. Is y a prime number?
True
Let n(w) = -27 + 16 - 18 - w - 14. Let i be n(-13). Is ((-2334)/i)/(1/5) a composite number?
False
Let w(g) be the second derivative of -85*g**3/6 + 39*g**2/2 - 71*g. Suppose 4*u + 29 = -3. Is w(u) a composite number?
False
Suppose -7 + 6 = x + k, 2*k = 2*x - 10. Suppose -x*s - 4*h = -6093 - 2753, -5*h - 8864 = -2*s. Is s prime?
False
Let x(r) = 325*r - 111. Let k be x(26). Suppose -k - 3923 = -2*i. Is i prime?
True
Let v(r) be the second derivative of 7063*r**5/20 + r**4/6 - 2*r**3/3 + r**2 - 3*r. Is v(1) composite?
True
Suppose 5*f + 3977 = 1117. Let s(h) = -2*h**2 + h + 22. Let t be s(-7). Let u = t - f. Is u prime?
False
Suppose -3*p + 1 = 1. Suppose -2*f + 5*t + 1309 + 1724 = p, 3*f - 3*t = 4527. Suppose -f = -4*y + 1036. Is y prime?
False
Let b(v) be the second derivative of 5*v**4/4 - 22*v**3/3 + 41*v**2/2 + 200*v - 1. Is b(-22) composite?
False
Is ((-42)/84)/(1188276/(-594136) + 2) a prime number?
False
Is (-4)/(-2) - (25 + -5532) composite?
True
Let y(i) = 8687*i**3 - i**2 + 101*i - 395. Is y(4) a prime number?
False
Let z = -8825 + 58564. Is z a composite number?
False
Suppose -332829 = 6*p - 1131747. Is p a composite number?
False
Let g be (-693)/(-28) + (-14)/8 + 1. Suppose -g*x + 8388 + 16932 = 0. Is x a composite number?
True
Let y be (-1)/5 - 116642/(-10). Suppose 0 = -13*u + 28545 + y. Is u a composite number?
True
Suppose 145*s - 56*s - 123112007 = -284*s. Is s prime?
False
Suppose 5086 + 17442 = 8*t. Let o = -783 + t. Is o composite?
True
Let y(d) = -1321*d + 3 + 1321*d + 633*d**2 - 2. Is y(-2) prime?
False
Let y be -12*((-4)/(-16) - 3/6). Let l be (28/35)/(y/(-15)). Let m(v) = -358*v + 7. Is m(l) composite?
False
Is (-16783 - 52/13)/(-2 + 27/15) prime?
False
Let z = 89378 - -13748. Is z a composite number?
True
Suppose 141*j + 6481238 - 17434539 = 32*j. Is j a prime number?
False
Let c(t) = 3*t**2 - 5*t + 11. Let o be c(-8). Suppose j = -m - 2*j + 58, -o = -4*m - j. Suppose -5*x + 1316 = m. Is x a prime number?
True
Suppose -n + 5*z - 1243 = 0, -4*n - 7902 = -3*z - 2896. Let p = n + 2022. Suppose x = p - 276. Is x prime?
False
Suppose 239603 = 3*k - 4*p, k + 46*p - 48*p = 79865. Is k a composite number?
False
Let x = 29663 - 1317. Let o = x - 18819. Is o a composite number?
True
Let s(n) = n + 22. Let o be s(-25). Let y be (56/32)/(o/(-276)). Let j = -94 + y. Is j prime?
True
Let v be 4 + (-8)/12*1*3. Let d(k) = 15 + 32*k + 36 + v*k + 0*k. Is d(8) composite?
True
Let z(m) = 2*m**2 - 25*m + 32. Suppose 35 = 5*o + 4*q, 2*o - q = 32 - 5. Let x be z(o). Is x + 348/(-9)*(-261)/6 composite?
True
Let d(s) = -s**3 - 125*s**2 - 281*s - 474. Is d(-149) composite?
False
Suppose -3*x - 4*s + 96 = x, -x + s = -18. Suppose -5*i = 2*i + x. Is 185 + (i + 3)*3/(-9) a composite number?
True
Let m(j) = 572*j + 13. Let d(y) = 573*y + 10. Let b(w) = -4*d(w) + 5*m(w). Is b(7) a prime number?
True
Let f = -382385 + 1004494. Is f a composite number?
False
Let q(a) = -a**3 + 17*a**2 - 42*a + 7. Let u be q(14). Let r(d) = 48*d**2 - 15*d + 12. Let j be r(u). Suppose 10*b - j = b. Is b a prime number?
True
Let v = 138818 - 63679. Is v composite?
True
Suppose 0 = 97*f + 34468154 - 118985709. Is f composite?
True
Let f = -97 - -142. Let j be (-680)/f - (-1)/9. Is j/20 - (-622)/8 a prime number?
False
Is 3359530/16 - (-309)/824 a composite number?
False
Let t(m) = -14*m**3 - 9*m**2 + 6*m + 19. Let z = 220 + -138. Let k = -90 + z. Is t(k) prime?
True
Let y(w) = -24*w + 4. Let f be y(-8). Suppose f*q - 194*q = 9194. Is q prime?
True
Let n(u) = -u**3 - 4*u**2 + 3*u + 6. Let c be n(-4). Let z be (-33948)/(-27) + 2/c. Is z - (-9)/((-36)/(-8)) prime?
True
Suppose 